uppose 0 = 10*t - 254 + 34. What is the highest common divisor of 506 and t?
22
Let j be (-8)/96 + (-14375)/(-276). What is the highest common factor of 1664 and j?
52
Let l = 20 - 64. Let i = l + 100. What is the greatest common divisor of i and 7?
7
Suppose -15*q + 3120 = 11*q. What is the greatest common factor of 280 and q?
40
Suppose -q - 18 + 28 = 0. Suppose 3*z = -2*a - 2*a - 5, 3*z + q = -5*a. Suppose 25 = -z*c, 2*n - 2*c = 3*c + 49. Calculate the highest common factor of n and 6.
6
Let n be (1/3)/(20/780). Calculate the greatest common divisor of 65 and n.
13
Let u = -53 + 61. Suppose 3*m = u*m - 225. What is the highest common factor of 30 and m?
15
Let v be ((-76)/(-6))/(1/3). What is the highest common factor of v and 133?
19
Let k be (-6556)/(-110) + 2/5. Calculate the highest common factor of 4380 and k.
60
Let r(l) = l**3 + 18*l**2 + 15*l - 25. Let h be r(-17). Let p = h - 1. Let w = 16 + -8. What is the highest common factor of w and p?
8
Let r(g) = -g**3 + 6*g**2 - 4*g + 6. Let u be r(4). Let a = 34 - u. Let w be ((-2)/(-2))/(1/a). Calculate the greatest common divisor of w and 30.
6
Suppose -36*i - 546 = -57*i. What is the highest common divisor of 793 and i?
13
Let c = -201 - -293. Suppose 22 = 3*z - c. What is the greatest common factor of z and 266?
38
Let d = 255 + -215. Calculate the highest common factor of 10 and d.
10
Let z = -114 + 173. Let f = -49 + z. Calculate the highest common divisor of 80 and f.
10
Let q(o) = o - 35. Let k be q(-7). Let a be (-7)/k + (-107)/(-6). What is the greatest common divisor of 2 and a?
2
Suppose -29 = -3*y + 7. Let q be (6/5)/(21/1610). Let o = 16 + q. What is the greatest common factor of y and o?
12
Suppose -7*u = -119 - 63. Calculate the greatest common divisor of 273 and u.
13
Suppose -3*n = h + 3, -5*n + 7*n + 19 = 5*h. Suppose 15 = h*w + 2*p - 3*p, 3*w + 3*p = 3. Suppose 5*y = 122 - 22. What is the greatest common factor of w and y?
4
Let r = -180 + 190. Calculate the highest common divisor of r and 5.
5
Suppose 0 = 2*k - 15 + 11. Let m(h) = -31*h + 10*h - 5*h - k. Let f be m(-7). Calculate the greatest common divisor of f and 20.
20
Let d be 8/20 - 23/(-5). Suppose 2*q - q + d*g = -3, 2*q = -5*g + 9. Let f = -571 + 574. Calculate the greatest common factor of f and q.
3
Let p(m) = -m + 5. Let y be p(-10). Let d = y - 6. What is the greatest common divisor of d and 12?
3
Let q = -195 + 332. Let x = q + -77. Calculate the highest common factor of 10 and x.
10
Let r = 2636 - 1463. Calculate the highest common divisor of r and 69.
69
Let n(a) = a**3 - 3*a**2 + 5 + a**2 - 6*a + a**2. Let i be 7 - (5 + -1 + 0). Let j be n(i). What is the greatest common factor of 20 and j?
5
Suppose 35 - 79 = -2*w. Suppose 16*i + 294 = w*i. What is the greatest common divisor of 7 and i?
7
Let m = 14 - 26. Let x = 23 + m. Let q = 20 + 24. What is the highest common divisor of q and x?
11
Let k(u) = -u**2 - 9*u + 21. Let x be k(-10). Let l(r) = -7*r**3 - 3*r**2 - r. Let b be l(-3). Calculate the greatest common divisor of x and b.
11
Let o = 2907 - 2892. Let q(d) = d**2 + 30. Let i be q(0). What is the highest common divisor of i and o?
15
Suppose 5*h - 62 = -2*b, -4 = -2*h + 5*b + 15. Let l be (6/(-5))/((-6)/15). Calculate the highest common factor of l and h.
3
Suppose 5*j + r = -0*r + 1541, 4*r - 4 = 0. Calculate the highest common factor of j and 28.
28
Let n be 2*5/(-50) - 468/10. Let u = 2 - n. What is the highest common factor of u and 7?
7
Let i be (-2)/(28/48*(-3)/21). Let c be -1 - -2 - 5/(-1). What is the highest common divisor of c and i?
6
Suppose -x - 4*c = -19, 4*x + 0*c + 24 = 4*c. Let h(k) = -1 + 1 - 73*k - 38*k - 1. Let p be h(x). What is the highest common divisor of p and 10?
10
Let a be (-6 + 3)*(-16 + 13). Calculate the highest common divisor of a and 369.
9
Suppose 49*c - 39*c - 6290 = 0. Suppose 2*l + 3*t - c = 0, -181 = -l + t + 141. What is the greatest common divisor of l and 29?
29
Suppose -3*k - 346 - 287 = -5*v, -4*v - 3*k = -501. Let h be 7/((-5)/(-2) + -2). Calculate the greatest common factor of h and v.
14
Suppose d = 68 - 65. Let g = d + 11. Calculate the greatest common divisor of 49 and g.
7
Suppose -4 = 3*v + 5, q - v - 87 = 0. Let d = 27 - 17. Let n be (-6)/(-5)*100/d. What is the highest common factor of q and n?
12
Let w = -70 + 148. Suppose 5*i - 63 = v - 0*v, 3*v = -4*i - 94. Let d = w + v. What is the highest common divisor of d and 16?
8
Let c(f) = f**3 - 2*f**2 - 2*f. Let g be 2*(-2)/(1 - 3). Let x be 9/g - (-3)/6. Let p be c(x). Calculate the highest common factor of p and 13.
13
Let a = -603 - -663. What is the greatest common factor of 732 and a?
12
Let d be (2/1)/((-4)/(-10)). Suppose -6*l = 6 - 0. Let m be 10*(15/6 + l). Calculate the greatest common factor of d and m.
5
Let i = -30 + 75. Let l be 4/10 - 215/(-25). Calculate the greatest common factor of l and i.
9
Suppose 0 = 3*y + 185 - 191. Suppose y*f + 6*f - 448 = 0. Calculate the highest common factor of f and 14.
14
Let x(k) = 7*k**3 - k**2. Let h be x(1). Let v = 22 - h. Calculate the greatest common divisor of 176 and v.
16
Suppose -4*j = 4 - 44. Let k be (-16)/(-20)*j/4. Suppose k*w = w + 31. Calculate the greatest common factor of w and 310.
31
Let h be (1/4)/(15/44520). Calculate the greatest common factor of 14 and h.
14
Suppose i + 195 = 6*i. Suppose -q - 2*q = -i. What is the greatest common divisor of 91 and q?
13
Let f(a) = -a**3 + 30*a**2 - 28*a - 24. Let m be f(29). Calculate the highest common divisor of m and 90.
5
Let k(i) = 4*i**2. Let a be k(1). Suppose -224 = -a*d - 80. Suppose -3*o = -15 - d. Calculate the greatest common divisor of 34 and o.
17
Suppose -2*h = -9 - 7. Let g(z) = -z**2 - 6*z - 3. Let t be g(-5). Suppose 0 = -t*s + 7 + 57. Calculate the greatest common factor of h and s.
8
Suppose 0*y - 5*y + 5*o = -25, -11 = -y + 4*o. Let v(d) = -d**2 + 8*d - 10. Let x be v(6). Calculate the greatest common divisor of x and y.
1
Let g = 272 - 238. What is the greatest common divisor of 374 and g?
34
Let v = -18 + 29. Suppose 0*p = v*p - 1584. Calculate the highest common factor of 16 and p.
16
Let y be -2*(-4 + (5 - 2)). Suppose -y + 11 = 3*u. Suppose -u*s - 31 = -148. Calculate the highest common factor of s and 26.
13
Suppose -24 = -7*g - 3. Suppose 5*z = z - u + 312, 0 = z + g*u - 89. Calculate the highest common divisor of 7 and z.
7
Suppose -6 - 24 = -3*o. Let j be 4/o - 78/(-5). Suppose a + 0*a + h = 15, -21 = -a + 5*h. Calculate the greatest common factor of a and j.
16
Let t = 361 + -251. Let d be ((-6)/(-4))/((-15)/(-100)). Calculate the highest common factor of d and t.
10
Let o = -275 + 281. Calculate the highest common divisor of o and 18.
6
Let v(i) = -i - 1. Let t(w) = -w**2 + w + 29. Let r(l) = t(l) - v(l). Suppose h - 2*h = 0. Let k be r(h). Calculate the greatest common factor of k and 6.
6
Suppose -x = -4*b - 4*x + 1543, 3*x = 3*b - 1152. Calculate the highest common factor of b and 275.
55
Let h(g) = -3 - 110*g + 9*g + 4. Let l be h(-1). Let a(w) = w**2 + 9*w + 7. Let b be a(-10). What is the greatest common factor of l and b?
17
Let z be -3 + 29 - (-170)/34. Calculate the highest common divisor of 16 and z.
1
Suppose -5*j = -2*j. Let l be (j - -6)/(1 + 1). Let i(x) = 3*x + 48. Let d be i(-14). What is the highest common divisor of d and l?
3
Let s = -1 - -30. Suppose -4*v + 23 = d, -d - v + 23 = -6*v. Suppose -x + 64 + d = 0. What is the highest common factor of x and s?
29
Suppose 2*y - 42 = -2*h, h + 3*y + 3 = 14. Let u be h - (1 + -2 + 1). Let p = -240 - -305. Calculate the highest common divisor of p and u.
13
Suppose -5*h + 2*c + 4 = 6*c, -2*h + 3*c + 20 = 0. Suppose -h*t + 16 = -28. Let u = 205 - 106. Calculate the highest common factor of t and u.
11
Let q be (-1)/5 + 120/100. Let m be -2 + q*(15 + 2). Calculate the highest common factor of m and 5.
5
Let g = 46 - 38. What is the highest common factor of 136 and g?
8
Let t(p) = p**2 - 3*p - 78. Let q be t(11). Let n = 33 - 13. What is the highest common divisor of n and q?
10
Suppose 32 = 3*f - 34. Let o = 229 - 218. What is the highest common factor of o and f?
11
Suppose -2 = -2*j, k + 7 = 5*j + 34. Let h be (-622)/12 + 10/(-60). Let p = -44 - h. What is the highest common factor of p and k?
8
